ulate the remainder when v(1) is divided by 62/4 + (-2)/4.
12
Suppose -84 = 5*j - 604. Calculate the remainder when j is divided by 6*(-2 + 5)*((-18950)/(-300) + -61).
26
Suppose -4153 = -2*p - r, p - 5*r = 4*p - 6240. Calculate the remainder when 6230 is divided by p.
5
Let t = 22 + -13. Let b = -281 + 288. Let d(x) = 2*x**3 - 13*x**2 - 6*x + 13. Calculate the remainder when d(b) is divided by t.
2
Let d be 40*(-4 + 33/8). Calculate the remainder when 24 is divided by (d/(-3))/(10/(-30)).
4
Calculate the remainder when 1/((-1)/(-287)*1) is divided by (24/112*-7)/(1/(-12)).
17
Let t be 83307/441 + (-4)/(-42). Suppose 7*l + 2*l - t = 0. What is the remainder when l is divided by 4?
1
Suppose 329 + 2787 = 4*b. Let s = -724 + b. What is the remainder when s is divided by 6?
1
Suppose -547 = -5*u + i, 233 = -3*u + i + 560. Suppose 0 = 2*a - b - 54 - u, -6 = 3*b. What is the remainder when a is divided by 30?
21
Suppose 1 = -h + 10. What is the remainder when (-113 - 0)/(24 + -25) is divided by h?
5
Let q = 12 + -8. Let u = 31 - -2. Calculate the remainder when u is divided by 470/50 + q/(-10).
6
Let f(c) = -35*c**3 - 5881*c**2 - 159*c + 1541. Let l = -21 - -45. Suppose -4*a = -l - 48. Calculate the remainder when f(-168) is divided by a.
11
Suppose 2342 = 4*h - 2*z, 2*h - 499 = 4*z + 663. What is the remainder when h is divided by 154?
125
Let n(y) = 228*y - 93. What is the remainder when n(5) is divided by 115?
12
Suppose -157*q + 4660 = -152*q. Calculate the remainder when 1/(4/q) + 5 is divided by 10.
8
Let j(o) = -127*o + 8017. Let t be -6 - (-2)/(1 - 2). Calculate the remainder when j(62) is divided by 1/4 - 286/t.
35
Suppose 155 = 26*h + 51. Suppose -4*w + 16 = 0, 4*f - 8*f + 484 = h*w. Calculate the remainder when f is divided by 6.
3
Let o be (-1 - -4)*(-8)/96*-8. Calculate the remainder when 13 is divided by (64 - 60)*1*2/o.
1
Let t be (-26)/5 + -1 + (-1)/(-5). Let m = 19 + t. Let k = 30 - m. What is the remainder when 65 is divided by k?
14
What is the remainder when 20 + 31/(217/9849) is divided by 13?
10
Let m be (-5)/(-2)*(-64)/(-40). Suppose 0 = -m*v - v + 975. Let o = 397 - 364. Calculate the remainder when v is divided by o.
30
Let r be (-46)/(-8) + (-130)/(-104). Let g = 21 - r. What is the remainder when 26 is divided by g?
12
Suppose 0 = b + 4*u - 7, -2*b - 90 = 4*u - 112. What is the remainder when 36 is divided by b?
6
Let d = 4 - 2. Let z(s) = -118*s + 5557. Calculate the remainder when z(47) is divided by d.
1
Let k = 107 - 103. Suppose k*v = -v + 80. Calculate the remainder when 44 is divided by v.
12
Suppose 18*t + t = -2*t + 2646. Calculate the remainder when t is divided by 32.
30
Suppose -40 = 3*d + 5. Let o = d + -9. Calculate the remainder when 23 is divided by (o/(-7))/(14/49).
11
Suppose 6*y - 7*y = -16. Let f = y - 28. Let u(n) = -n**2 - 21*n - 36. What is the remainder when u(f) is divided by 19?
15
Suppose 0 = -740*b + 682*b + 15428. What is the remainder when b is divided by 121?
24
Let c(s) = -12*s**2 + 572*s - 33. Calculate the remainder when c(46) is divided by 314.
259
Let n(h) = 3 + 3*h + 11*h**2 + h**2 - 7*h**2. Suppose -78 = -3*v - 4*g - 24, -53 = -4*v + g. Calculate the remainder when n(-3) is divided by v.
11
Let h(s) = -s**2 + 25*s - 38. Suppose y - 5*p = 12, -y - 32*p + 28*p + 30 = 0. Calculate the remainder when 167 is divided by h(y).
27
Suppose -106783 - 150616 = -404*b + 10857. What is the remainder when 693 is divided by b?
29
Let l = -74 - -77. Suppose 0 = 4*n - n + l, 5*n = -3*g + 172. Calculate the remainder when g is divided by 21.
17
Let o = -356 + 940. Suppose -11*s = -76 - o. Suppose -2*p + s = 10*p. Calculate the remainder when 9 is divided by p.
4
What is the remainder when 4/(-22) + (147944/16)/((-22)/(-4)) is divided by 9?
7
Suppose -782 = 3*g - 26*g. What is the remainder when 73 is divided by g?
5
Suppose 3*y = 4*v + 4, v - 2*y + 1 + 5 = 0. Suppose -d + 5*t = 2*d - 24, 0 = 2*d + v*t. Calculate the remainder when -1*((3 - 3)/(-6) + -7) is divided by d.
1
Let v(y) = 8*y**2 + 3*y + 82. What is the remainder when v(-12) is divided by 582?
34
Let g = 10 - 12. Let o(i) = -11*i + 355. Calculate the remainder when (g - -2) + 2 + 2 is divided by o(32).
1
Calculate the remainder when 0 + 2 - (7 + -99) is divided by (-6)/((-5)/(-40)*-4).
10
Let d(f) = 4*f**2 - 3*f - 15. Let z(l) = 8*l + 21. Let n be z(-3). What is the remainder when 87 is divided by d(n)?
27
Let a = -883 - -886. Suppose 3*m = a*y + 159, -5*m + y + 3*y = -269. What is the remainder when 201 is divided by m?
30
Let t(r) = r**3 + 16*r**2 + 33*r - 15. Let a be t(-13). Suppose s - 15 = 4*o + o, 0 = -s + 5. What is the remainder when 59 is divided by a/14 + o/(-4)?
4
Let b = -857 - -515. Let t = b - -434. Calculate the remainder when t is divided by 31.
30
Suppose 90*c = 21*c + 2001. Calculate the remainder when 103 is divided by c.
16
Suppose 18 + 0 + 73 = 13*w. What is the remainder when 2028 is divided by w?
5
Let z(i) = 16*i**2 + 89*i - 227. Suppose 5*m + 60 = 2*l, -l + 2*l - 15 = -5*m. What is the remainder when z(-8) is divided by l?
10
Suppose -2*w - 4 = 0, -5*p + 119*w - 120*w = -2108. What is the remainder when p is divided by 402?
20
Let j(v) = 3*v**2 - 11. Let y be j(0). Let k(t) = -t**3 + 3*t**2 + 2*t - 2. What is the remainder when (-2)/y - (-150)/22 is divided by k(2)?
1
Let o(u) = 23*u**2 + 2000*u + 217. Calculate the remainder when o(-89) is divided by 1461.
17
Let d = -78749 + 78761. Suppose 4*k - 5*f = 17, -4*f + 5*f = -3*k - 11. Calculate the remainder when d is divided by -1 + (-2)/k - -4.
0
Let m(b) be the third derivative of -9*b**4/8 - 12*b**3 + 2*b**2 - 36. What is the remainder when 65 is divided by m(-4)?
29
Let w = -185 - -194. Suppose -2*d - d = w, 11 = t + 2*d. Calculate the remainder when 49 is divided by t.
15
Suppose 6*h = 75 + 117. Suppose -5*l + 62 = h. What is the remainder when (-12)/14*(-14)/2 is divided by l?
0
Suppose -18*c + 12*c = 4230. Let z = -700 - c. Calculate the remainder when 9 is divided by z.
4
Let l be 14/(-70) + 331/5. What is the remainder when (0 - -1)*(l + -7) is divided by 12?
11
What is the remainder when 459 is divided by (-82)/(-14) - (-10)/280*4?
3
Let v(u) = -2*u**3 + 13*u**2 - 144*u + 1072. Calculate the remainder when 4886 is divided by v(7).
11
Suppose 23*q = y + 28*q - 3, 5*y - 4*q = 160. Calculate the remainder when 669 is divided by y.
25
Suppose 8*g = 6*g - 8, 2*g = 24*v - 3248. What is the remainder when v is divided by 17?
16
Suppose -4*z + p = -3, -3*z = 2*p - 3 - 2. What is the remainder when 14/((-770)/(-33)) + (220/(-25))/(-2) is divided by z?
0
Let p be ((-21)/35 + 1)/((-3)/(-1485)). Suppose -43*w = 2*q - 45*w - p, 5*q - w - 491 = 0. What is the remainder when q is divided by 20?
18
Suppose -2*w - 9 = -3*x - 5*w, 0 = -4*x - 2*w + 6. Suppose -9*f + 1454 - 68 = x. Calculate the remainder when f is divided by 16.
10
Let t(l) = 2*l. Let m be (1 - (3/6)/(-1))*-6. Let n be (-122)/(-18) + (-2)/m. Calculate the remainder when 37 is divided by t(n).
9
Let p = 4043 - 3351. Calculate the remainder when p is divided by 228.
8
Suppose 2483*h = 2471*h + 1104. What is the remainder when h is divided by 8?
4
Suppose -3*o - 26 = 275*l - 277*l, o - 82 = -5*l. Calculate the remainder when 442 is divided by l.
10
Let h(v) = 2*v**2 + 17*v + 10. Let g be h(-8). Let f(j) = 3 - 4*j**g - j**3 + 6 + 17*j**2 - 4*j + 8*j. Calculate the remainder when f(13) is divided by 13.
9
Let g(i) = -3*i**2 + 0*i**2 - 2*i**2 - 37*i + 647 - 651. Suppose -5*y + 63 + 72 = 0. Calculate the remainder when y is divided by g(-7).
7
Suppose -6*u = 9 - 189. Let z(m) = 35*m - 469. What is the remainder when z(16) is divided by u?
1
Suppose 0 = -6*b + 5*b + 6. Let n(l) = 18*l - 94. Let k(d) = 6*d - 31. Let x(s) = -17*k(s) + 6*n(s). What is the remainder when x(12) is divided by b?
5
Let a(h) be the first derivative of -22 - 4/3*h**3 + 3/4*h**4 + 1/2*h**2 + h. What is the remainder when a(3) is divided by 26?
23
Let y be 3*(-129)/(-9)*7. Let j be 5 + 4/(-4)*1. Suppose j*f - y = -93. Calculate the remainder when f is divided by 15.
7
Suppose -d = -4*r + 37, -5*r + 50 - 1 = -4*d. Let b = -79 + 81. Suppose -b = 3*n - n, -64 = -3*z - 5*n. Calculate the remainder when z is divided by r.
5
Let g(u) = -2*u - 1. Le